+ 637?
1378
In base 9, what is 16720 - 36?
16673
In base 3, what is 1012120120 - -10?
1012120200
In base 3, what is -1110121210202 + 2?
-1110121210200
In base 9, what is 220 + -300?
-70
In base 15, what is -187d5c - -2?
-187d5a
In base 3, what is 221020 + -2000?
212020
In base 5, what is 12 + 31142?
31204
In base 10, what is 2 - 9319?
-9317
In base 7, what is -23 + -23611?
-23634
In base 13, what is 2562 + -181?
23b1
In base 14, what is -80d6 - -68?
-806c
In base 4, what is 12 - -102000?
102012
In base 12, what is -95 + -83a?
-913
In base 9, what is -11287 - -84?
-11203
In base 11, what is -990 - -27?
-964
In base 4, what is 13112 + 13010?
32122
In base 11, what is 230 + 5?
235
In base 12, what is 3b - -113a9?
11428
In base 11, what is -3923a + 5?
-39235
In base 3, what is -21022202 - 12100?
-21112002
In base 7, what is -5323 - 250?
-5603
In base 9, what is 607 + 687?
1405
In base 13, what is -8a + 6214?
6157
In base 6, what is 350520 + 112?
351032
In base 7, what is -3136 + -22?
-3161
In base 15, what is 13849 - 1?
13848
In base 15, what is -b2c6 + -20?
-b2e6
In base 8, what is 3 - -6552?
6555
In base 5, what is -101221 - 2?
-101223
In base 6, what is 5241031 - 5?
5241022
In base 3, what is -21 + 1020002210211?
1020002210120
In base 15, what is -12 - -1a40?
1a2d
In base 2, what is -10000111110110000 + 0?
-10000111110110000
In base 6, what is -2 - 2040534?
-2040540
In base 6, what is -10321545 - 3?
-10321552
In base 2, what is -110001 - 10101100?
-11011101
In base 11, what is 223569 - 9?
223560
In base 2, what is 11001000011101 + 11?
11001000100000
In base 7, what is -101230 - -66?
-101131
In base 14, what is 1 + 169d5?
169d6
In base 13, what is -67648 + a?
-6763b
In base 16, what is -15a898 + -3?
-15a89b
In base 12, what is 0 - 94a?
-94a
In base 5, what is 1 - -43401324?
43401330
In base 12, what is 7 - 16003?
-15bb8
In base 16, what is 1 + -2748?
-2747
In base 13, what is -4927 + -41?
-4968
In base 13, what is -1 - -211c15?
211c14
In base 9, what is 1 + -315010?
-315008
In base 16, what is -431d + -14?
-4331
In base 5, what is 10 - 1033?
-1023
In base 4, what is -11000001 - -11?
-10333330
In base 13, what is -30ca3a - 4?
-30ca41
In base 3, what is 10211000001 + -11?
10210222220
In base 3, what is 2112112 - 12021?
2100021
In base 7, what is 10 - 10430?
-10420
In base 8, what is -234 + 760?
524
In base 5, what is -3 + 314200?
314142
In base 7, what is 3 + -225313?
-225310
In base 13, what is 1866 + -31?
1835
In base 16, what is 34 - -2cd3?
2d07
In base 10, what is -33970 - 5?
-33975
In base 16, what is a204 - -7?
a20b
In base 9, what is 17844 + 244?
18188
In base 7, what is 11510533 - -3?
11510536
In base 11, what is 53aa + -120?
528a
In base 2, what is 100101 + -1110100111011?
-1110100010110
In base 10, what is 1 + -50652?
-50651
In base 7, what is 1151543 + 5?
1151551
In base 8, what is -6 + 164222?
164214
In base 6, what is 12242052 + 1?
12242053
In base 13, what is -18a8c + 19?
-18a73
In base 2, what is -1001111 - 10101101101011110?
-10101101110101101
In base 5, what is 10011244 + -1?
10011243
In base 3, what is 10 - 12001001112?
-12001001102
In base 4, what is -3 + 21200?
21131
In base 7, what is -10532 + 61?
-10441
In base 7, what is 434242 - -4?
434246
In base 13, what is 2c659 + 21?
2c67a
In base 3, what is -11 - 100112222111?
-100112222122
In base 6, what is 54 - 2550?
-2452
In base 12, what is 1 - a244?
-a243
In base 12, what is 2 - -18b2a2?
18b2a4
In base 16, what is -3e + -1796?
-17d4
In base 16, what is 573 - -2d?
5a0
In base 7, what is 1046330 + 0?
1046330
In base 8, what is 7000 + 20?
7020
In base 7, what is 4330535 - 5?
4330530
In base 6, what is 1232 - 4253?
-3021
In base 4, what is 30310 + 12113?
103023
In base 11, what is -296 + -96?
-381
In base 5, what is -22001 - 23332?
-100333
In base 10, what is -3232 - 12?
-3244
In base 11, what is -172171 + -1?
-172172
In base 3, what is -1122 + -1220?
-10112
In base 7, what is 1 - 65650?
-65646
In base 2, what is 10100010110111 - 110100?
10100010000011
In base 12, what is -5 + -157486?
-15748b
In base 9, what is 1602482 - 2?
1602480
In base 2, what is -111000111111 + -111011?
-111001111010
In base 6, what is -3 + 32322?
32315
In base 4, what is 202332 - -12?
203010
In base 15, what is -6 + -560?
-566
In base 14, what is 76bd - 0?
76bd
In base 13, what is 6 - -33772?
33778
In base 4, what is -1221012 - -2?
-1221010
In base 14, what is 7 + 6b13b?
6b144
In base 15, what is -15e7 + 5c?
-158a
In base 9, what is 24 - -161141?
161165
In base 3, what is -12 + -220121000?
-220121012
In base 8, what is 1 - 4235045?
-4235044
In base 6, what is -11242533 + 4?
-11242525
In base 3, what is 1001011220 - -1?
1001011221
In base 4, what is -10110022 - -3?
-10110013
In base 10, what is 0 - 14967?
-14967
In base 9, what is -2682 - 143?
-2835
In base 14, what is -32 - 800?
-832
In base 2, what is -101011 - 10111011110?
-11000001001
In base 9, what is -4278 - -8?
-4270
In base 5, what is -2433 - 3?
-2441
In base 4, what is -111012023132 - 2?
-111012023200
In base 9, what is -10280284 - 4?
-10280288
In base 12, what is 319a - 17?
3183
In base 13, what is caa3 - -1?
caa4
In base 12, what is 2 - 18b8?
-18b6
In base 4, what is 1221321 - 11?
1221310
In base 8, what is -1343572 - 2?
-1343574
In base 12, what is 2 + 1b056?
1b058
In base 9, what is -14 + 2505?
2481
In base 11, what is 704 - -145?
849
In base 10, what is -67385 - -1?
-67384
In base 5, what is 114 - -2121124?
2121243
In base 4, what is 3 - 20331202?
-20331133
In base 5, what is -1212424223 + 0?
-1212424223
In base 13, what is 21 + aab?
acc
In base 2, what is 101100000 + -10000?
101010000
In base 16, what is 168 - -30?
198
In base 5, what is -1003034331 - -3?
-1003034323
In base 5, what is 1010 - -10144?
11204
In base 10, what is 26 + 19131?
19157
In base 5, what is -1 + 31424?
31423
In base 5, what is -443 - 4340422?
-4341420
In base 6, what is -2 - 244115?
-244121
In base 6, what is 535 - 25?
510
In base 8, what is 1 - 1074130?
-1074127
In base 15, what is -1 + -ae154?
-ae155
In base 13, what is -a9 + 169?
90
In base 11, what is -19 - -77a?
761
In base 6, what is 1 + 1442235?
1442240
In base 8, what is 4 + 242441?
242445
In base 5, what is 104432322 + -2?
104432320
In base 13, what is -5 - -17a3?
179b
In base 7, what is -10364 - -2022?
-5342
In base 9, what is 3 + 1355248?
1355252
In base 11, what is 4 - -94454?
94458
In base 3, what is -102211101100022 - -2?
-102211101100020
In base 8, what is -1011 + 4311?
3300
In base 16, what is -c + -72bc?
-72c8
In base 13, what is 5 + 6c24?
6c29
In base 4, what is 11023 + -22333?
-11310
In base 4, what is -21 - -11201320?
11201233
In base 16, what is 3 - -1595d?
15960
In base 10, what is -539 - -427?
-112
In base 16, what is 15f6a + 5?
15f6f
In base 5, what is -102144431 + 0?
-102144431
In base 16, what is -4 + -1fb7?
-1fbb
In base 5, what is -4 + -401443?
-402002
In base 6, what is -1051 - 25251?
-30342
In base 14, what is 6900 + -146?
6798
In base 4, what is -33113001 - 0?
-33113001
In base 15, what is -5 - -4712?
470c
In base 6, what is 4 + -1223310?
-1223302
In base 10, what is -3265 + 237?
-3028
In base 4, what is 1022 - -101112?
102200
In base 3, what is -2010001020010 + 2?
-2010001020001
In base 10, what is -2 - 5442?
-5444
In base 16, what is c0f + -1?
c0e
In base 11, what is 7 + -4265?
-4259
In base 7, what is 10663316 + -1?
10663315
In base 6, what is -122 + -203340?
-203502
In base 7, what is 60 - 2431?
-2341
In base 8, what is -227034 + -1?
-227035
In base 6, what is 10320154 + -4?
10320150
In base 12, what is -1576 - b9?
-1673
In base 8, what is 35632 + 12?
35644
In base 5, what is -1242 - 110033?
-111330
In base 12, what is 47 + -2ba?
-273
In base 4, what is -123 - -330012?
323223
In base 11, what is -309 - -1083a?
10531
In base 10, what is 5 + 1890?
1895
In base 16, what is 168f7 - 17?
168e0
In base 3, what is 210001120 + -12?
210001101
In base 7, what is 210266 + -5?
210261
In base 12, what is 55b15 + 3?
55b18
In base 2, what is 10 + 110110001000100001?
110110001000100011
In base 13, what is 169b + -58?
1643
In base 12, what is -22b1 - -18?
-2295
In base 13, what is c92 + -83?
c0c
In base 7, what is 522501 - -42?
522543
In base 14, what is -105b3 - -26?
-1058b
In base 12, what is -1627 -